d by 56?
33
What is the remainder when 150 is divided by 43?
21
What is the remainder when 308 is divided by 146?
16
What is the remainder when 732 is divided by 179?
16
What is the remainder when 1075 is divided by 120?
115
Calculate the remainder when 1077 is divided by 27.
24
Calculate the remainder when 320 is divided by 66.
56
What is the remainder when 134 is divided by 21?
8
Calculate the remainder when 1241 is divided by 16.
9
Calculate the remainder when 191 is divided by 13.
9
Calculate the remainder when 1269 is divided by 31.
29
What is the remainder when 951 is divided by 56?
55
What is the remainder when 1506 is divided by 153?
129
What is the remainder when 557 is divided by 32?
13
What is the remainder when 590 is divided by 66?
62
What is the remainder when 247 is divided by 62?
61
Calculate the remainder when 981 is divided by 321.
18
What is the remainder when 477 is divided by 399?
78
What is the remainder when 954 is divided by 25?
4
What is the remainder when 28581 is divided by 18?
15
What is the remainder when 1060 is divided by 86?
28
Calculate the remainder when 2504 is divided by 47.
13
Calculate the remainder when 637 is divided by 22.
21
Calculate the remainder when 503 is divided by 45.
8
What is the remainder when 125 is divided by 47?
31
What is the remainder when 31 is divided by 9?
4
What is the remainder when 162 is divided by 55?
52
Calculate the remainder when 1030 is divided by 47.
43
Calculate the remainder when 5552 is divided by 55.
52
Calculate the remainder when 2078 is divided by 52.
50
Calculate the remainder when 480 is divided by 139.
63
Calculate the remainder when 2140 is divided by 18.
16
What is the remainder when 363 is divided by 121?
0
What is the remainder when 42 is divided by 11?
9
What is the remainder when 2103 is divided by 78?
75
What is the remainder when 7556 is divided by 252?
248
Calculate the remainder when 264 is divided by 51.
9
Calculate the remainder when 3392 is divided by 13.
12
What is the remainder when 5990 is divided by 14?
12
Calculate the remainder when 220 is divided by 54.
4
Calculate the remainder when 1151 is divided by 32.
31
Calculate the remainder when 3105 is divided by 148.
145
What is the remainder when 752 is divided by 14?
10
What is the remainder when 401 is divided by 211?
190
What is the remainder when 244 is divided by 23?
14
Calculate the remainder when 319 is divided by 22.
11
What is the remainder when 776 is divided by 59?
9
What is the remainder when 90 is divided by 44?
2
Calculate the remainder when 75 is divided by 8.
3
What is the remainder when 251 is divided by 7?
6
What is the remainder when 292 is divided by 75?
67
Calculate the remainder when 673 is divided by 169.
166
What is the remainder when 2665 is divided by 89?
84
Calculate the remainder when 1941 is divided by 177.
171
What is the remainder when 1082 is divided by 34?
28
Calculate the remainder when 776 is divided by 112.
104
What is the remainder when 21 is divided by 4?
1
Calculate the remainder when 543 is divided by 138.
129
Calculate the remainder when 177 is divided by 72.
33
What is the remainder when 16 is divided by 2?
0
What is the remainder when 149 is divided by 117?
32
Calculate the remainder when 235 is divided by 82.
71
What is the remainder when 2557 is divided by 2546?
11
What is the remainder when 1585 is divided by 69?
67
Calculate the remainder when 303 is divided by 51.
48
Calculate the remainder when 847 is divided by 120.
7
What is the remainder when 3341 is divided by 304?
301
Calculate the remainder when 258 is divided by 58.
26
Calculate the remainder when 220 is divided by 207.
13
Calculate the remainder when 2266 is divided by 69.
58
Calculate the remainder when 3319 is divided by 208.
199
What is the remainder when 276 is divided by 34?
4
What is the remainder when 7072 is divided by 44?
32
What is the remainder when 416 is divided by 121?
53
What is the remainder when 168 is divided by 16?
8
Calculate the remainder when 599 is divided by 47.
35
What is the remainder when 777 is divided by 11?
7
Calculate the remainder when 260 is divided by 88.
84
What is the remainder when 652 is divided by 54?
4
Calculate the remainder when 244 is divided by 52.
36
Calculate the remainder when 33 is divided by 32.
1
Calculate the remainder when 4901 is divided by 129.
128
What is the remainder when 104 is divided by 30?
14
What is the remainder when 61 is divided by 4?
1
What is the remainder when 300 is divided by 174?
126
Calculate the remainder when 364 is divided by 16.
12
What is the remainder when 1138 is divided by 10?
8
Calculate the remainder when 2735 is divided by 904.
23
What is the remainder when 129 is divided by 109?
20
What is the remainder when 64 is divided by 17?
13
Calculate the remainder when 9006 is divided by 4502.
2
What is the remainder when 132 is divided by 88?
44
What is the remainder when 815 is divided by 117?
113
Calculate the remainder when 396 is divided by 60.
36
Calculate the remainder when 67 is divided by 14.
11
What is the remainder when 11069 is divided by 270?
269
Calculate the remainder when 1099 is divided by 38.
35
What is the remainder when 7586 is divided by 2525?
11
What is the remainder when 147 is divided by 40?
27
Calculate the remainder when 1226 is divided by 8.
2
What is the remainder when 1198 is divided by 27?
10
Calculate the remainder when 297 is divided by 22.
11
What is the remainder when 15095 is divided by 8?
7
What is the remainder when 93 is divided by 80?
13
Calculate the remainder when 4077 is divided by 40.
37
What is the remainder when 279 is divided by 78?
45
Calculate the remainder when 336 is divided by 85.
81
Calculate the remainder when 822 is divided by 21.
3
Calculate the remainder when 270 is divided by 38.
4
What is the remainder when 10394 is divided by 104?
98
What is the remainder when 614 is divided by 230?
154
Calculate the remainder when 3133 is divided by 33.
31
Calculate the remainder when 94 is divided by 25.
19
What is the remainder when 152 is divided by 25?
2
Calculate the remainder when 141 is divided by 11.
9
Calculate the remainder when 160 is divided by 18.
16
Calculate the remainder when 5464 is divided by 24.
16
What is the remainder when 5061 is divided by 61?
59
Calculate the remainder when 2608 is divided by 58.
56
Calculate the remainder when 22 is divided by 4.
2
Calculate the remainder when 101 is divided by 46.
9
What is the remainder when 318 is divided by 150?
18
Calculate the remainder when 324 is divided by 88.
60
Calculate the remainder when 519 is divided by 29.
26
What is the remainder when 94 is divided by 17?
9
Calculate the remainder when 152 is divided by 15.
2
What is the remainder when 32039 is divided by 74?
71
What is the remainder when 99 is divided by 10?
9
Calculate the remainder when 81 is divided by 60.
21
What is the remainder when 1516 is divided by 69?
67
What is the remainder when 241 is divided by 49?
45
What is the remainder when 13694 is divided by 16?
14
Calculate the remainder when 639 is divided by 116.
59
Calculate the remainder when 121 is divided by 76.
45
What is the remainder when 2215 is divided by 60?
55
What is the remainder when 5184 is divided by 13?
10
Calculate the remainder when 253 is divided by 246.
7
Calculate the remainder when 1360 is divided by 29.
26
What is the remainder when 1000 is divided by 29?
14
Calculate the remainder when 9 is divided by 2.
1
What is the remainder when 476 is divided by 40?
36
Calculate the remainder when 312 is divided by 7.
4
What is the remainder when 35 is divided by 22?
13
What is the remainder when 683 is divided by 8?
3
Calculate the remainder when 1251 is divided by 114.
111
What is the remainder when 1857 is divided by 11?
9
What is the remainder when 237 is divided by 80?
77
Calculate the remainder when 3093 is divided by 129.
126
What is the remainder when 56 is divided by 23?
10
What is the remainder when 1461 is divided by 12?
9
Calculate the remainder when 151 is divided by 56.
39
Calculate the remainder when 102 is divided by 35.
32
Calculate the remainder when 320 is divided by 6.
2
Calculate the remainder when 241 is divided by 13.
7
Calculate the remainder when 416 is d